{"id":948,"date":"2019-02-17T21:54:06","date_gmt":"2019-02-17T21:54:06","guid":{"rendered":"http:\/\/northinkbrand.com\/?post_type=product&#038;p=948"},"modified":"2023-08-23T17:08:16","modified_gmt":"2023-08-23T17:08:16","slug":"sudadera-black-rose","status":"publish","type":"product","link":"https:\/\/northinkbrand.com\/index.php\/producto\/sudadera-black-rose\/","title":{"rendered":"SUDADERA BLACK ROSE"},"content":{"rendered":"<blockquote><p>\u00a1\u00a1Este invierno es northe\u00f1o y lo sabes!! Las nuevas sudaderas de media cremallera son lo mejor para el fr\u00edo. Con nuestros cl\u00e1sicos logos bordados reinventados en nuevos colores. \u00a1Descubre nuestros tres modelos!<\/p><\/blockquote>\n<p>MODELO BLACK ROSE: sudadera blanca con el logo north ink rosa bordado en la parte delantera en negro y la mano de f\u00e1tima con la rosa negra en la manga. Disponible en 3 tallas.<\/p>\n<h6><em>*La modelo lleva una talla L<\/em><\/h6>\n","protected":false},"excerpt":{"rendered":"<p>\u00a1\u00a1Este invierno es northe\u00f1o y lo sabes!! Las nuevas sudaderas de media cremallera son lo mejor para el fr\u00edo. Con&hellip;<\/p>\n","protected":false},"featured_media":4316,"template":"","meta":[],"_links":{"self":[{"href":"https:\/\/northinkbrand.com\/index.php\/wp-json\/wp\/v2\/product\/948"}],"collection":[{"href":"https:\/\/northinkbrand.com\/index.php\/wp-json\/wp\/v2\/product"}],"about":[{"href":"https:\/\/northinkbrand.com\/index.php\/wp-json\/wp\/v2\/types\/product"}],"version-history":[{"count":2,"href":"https:\/\/northinkbrand.com\/index.php\/wp-json\/wp\/v2\/product\/948\/revisions"}],"predecessor-version":[{"id":4338,"href":"https:\/\/northinkbrand.com\/index.php\/wp-json\/wp\/v2\/product\/948\/revisions\/4338"}],"wp:featuredmedia":[{"embeddable":true,"href":"https:\/\/northinkbrand.com\/index.php\/wp-json\/wp\/v2\/media\/4316"}],"wp:attachment":[{"href":"https:\/\/northinkbrand.com\/index.php\/wp-json\/wp\/v2\/media?parent=948"}],"curies":[{"name":"wp","href":"https:\/\/api.w.org\/{rel}","templated":true}]}}