{"id":9325,"date":"2025-12-18T00:51:13","date_gmt":"2025-12-18T00:51:13","guid":{"rendered":"https:\/\/northinkbrand.com\/?post_type=product&#038;p=9325"},"modified":"2025-12-18T01:01:34","modified_gmt":"2025-12-18T01:01:34","slug":"goat","status":"publish","type":"product","link":"https:\/\/northinkbrand.com\/index.php\/producto\/goat\/","title":{"rendered":"GOAT"},"content":{"rendered":"<p>La sudadera que marca la diferencia este invierno, esa es \u201cGOAT\u201d. Una corona de \u201cLaurel\u201d para dominarlos a todos. Escoge el color que m\u00e1s te mol\u00e9 y a\u00f1ade a tu colecci\u00f3n de Hoodies Top esta prenda \u00fanica.<\/p>\n<ul>\n<li>Sudadera capucha.<\/li>\n<li>Bolsillo tipo canguro.<\/li>\n<li>Corte de sudadera ancho.<\/li>\n<li>Logo bordado frontal.<\/li>\n<\/ul>\n<p>Fabricado y dise\u00f1ado en Espa\u00f1a.<\/p>\n<p>Composici\u00f3n: 50% algod\u00f3n \/ 50% poli\u00e9ster. Gramaje: 280 g\/m\u00b2<\/p>\n<p>&nbsp;<\/p>\n","protected":false},"excerpt":{"rendered":"<p>La sudadera que marca la diferencia este invierno, esa es \u201cGOAT\u201d. Una corona de \u201cLaurel\u201d para dominarlos a todos. Escoge&hellip;<\/p>\n","protected":false},"featured_media":9362,"template":"","meta":[],"_links":{"self":[{"href":"https:\/\/northinkbrand.com\/index.php\/wp-json\/wp\/v2\/product\/9325"}],"collection":[{"href":"https:\/\/northinkbrand.com\/index.php\/wp-json\/wp\/v2\/product"}],"about":[{"href":"https:\/\/northinkbrand.com\/index.php\/wp-json\/wp\/v2\/types\/product"}],"version-history":[{"count":2,"href":"https:\/\/northinkbrand.com\/index.php\/wp-json\/wp\/v2\/product\/9325\/revisions"}],"predecessor-version":[{"id":9364,"href":"https:\/\/northinkbrand.com\/index.php\/wp-json\/wp\/v2\/product\/9325\/revisions\/9364"}],"wp:featuredmedia":[{"embeddable":true,"href":"https:\/\/northinkbrand.com\/index.php\/wp-json\/wp\/v2\/media\/9362"}],"wp:attachment":[{"href":"https:\/\/northinkbrand.com\/index.php\/wp-json\/wp\/v2\/media?parent=9325"}],"curies":[{"name":"wp","href":"https:\/\/api.w.org\/{rel}","templated":true}]}}