{"id":9191,"date":"2025-08-20T22:37:36","date_gmt":"2025-08-20T22:37:36","guid":{"rendered":"https:\/\/northinkbrand.com\/?post_type=product&#038;p=9191"},"modified":"2026-01-07T22:44:36","modified_gmt":"2026-01-07T22:44:36","slug":"sweet-tee","status":"publish","type":"product","link":"https:\/\/northinkbrand.com\/index.php\/producto\/sweet-tee\/","title":{"rendered":"Sweet Tee"},"content":{"rendered":"<p>\u201cLas mejores historias, comienzan con las ideas m\u00e1s locas\u201d Un sabio amigo nos dijo lo que marcar\u00eda el trayecto de esta marca. Tu nueva camiseta favorita este verano. Estilo de corte ancho. Dise\u00f1o de logos en impresi\u00f3n DTF de alta calidad y corte.<\/p>\n<p>Dise\u00f1o Unisex.<\/p>\n<p>Todas nuestras colecciones se fabrican a nivel nacional, apostando por las empresas tradicionales.<\/p>\n<ul>\n<li><strong>Composici\u00f3n<\/strong>: 100% Algod\u00f3n Cardado Y Ba\u00f1o Enzim\u00e1tico, Punto Liso<\/li>\n<li><strong>Gramaje<\/strong>: 190 g\/m\u00b2<\/li>\n<\/ul>\n","protected":false},"excerpt":{"rendered":"<p>\u201cLas mejores historias, comienzan con las ideas m\u00e1s locas\u201d Un sabio amigo nos dijo lo que marcar\u00eda el trayecto de&hellip;<\/p>\n","protected":false},"featured_media":9192,"template":"","meta":[],"_links":{"self":[{"href":"https:\/\/northinkbrand.com\/index.php\/wp-json\/wp\/v2\/product\/9191"}],"collection":[{"href":"https:\/\/northinkbrand.com\/index.php\/wp-json\/wp\/v2\/product"}],"about":[{"href":"https:\/\/northinkbrand.com\/index.php\/wp-json\/wp\/v2\/types\/product"}],"version-history":[{"count":1,"href":"https:\/\/northinkbrand.com\/index.php\/wp-json\/wp\/v2\/product\/9191\/revisions"}],"predecessor-version":[{"id":9205,"href":"https:\/\/northinkbrand.com\/index.php\/wp-json\/wp\/v2\/product\/9191\/revisions\/9205"}],"wp:featuredmedia":[{"embeddable":true,"href":"https:\/\/northinkbrand.com\/index.php\/wp-json\/wp\/v2\/media\/9192"}],"wp:attachment":[{"href":"https:\/\/northinkbrand.com\/index.php\/wp-json\/wp\/v2\/media?parent=9191"}],"curies":[{"name":"wp","href":"https:\/\/api.w.org\/{rel}","templated":true}]}}