{"id":8889,"date":"2024-07-23T00:32:29","date_gmt":"2024-07-23T00:32:29","guid":{"rendered":"https:\/\/northinkbrand.com\/?post_type=product&#038;p=8889"},"modified":"2024-07-23T00:32:29","modified_gmt":"2024-07-23T00:32:29","slug":"envy-oversize-tee","status":"publish","type":"product","link":"https:\/\/northinkbrand.com\/index.php\/producto\/envy-oversize-tee\/","title":{"rendered":"Envy Oversize Tee"},"content":{"rendered":"<p>Primera camiseta North Ink \u00ab<strong>OVERSIZE<\/strong>\u00ab. Con este dise\u00f1o hemos querido representar le ruido y trabajo que hay detr\u00e1s de este proyecto. Las ganas de volar. La ilusi\u00f3n de todo un equipo. ENVY US HATERS.<\/p>\n<ul>\n<li>Cuello con canal\u00e9 1&#215;1.<\/li>\n<li>Doble costura en cuello, mangas y bajo.<\/li>\n<li>Corte de mangas oversize.<\/li>\n<\/ul>\n<p><strong>Composici\u00f3n:<\/strong> 100% Algod\u00f3n. <strong>Gramaje:<\/strong>\u00a0200g\/m2 aprox.<\/p>\n","protected":false},"excerpt":{"rendered":"<p>Primera camiseta North Ink \u00abOVERSIZE\u00ab. Con este dise\u00f1o hemos querido representar le ruido y trabajo que hay detr\u00e1s de este&hellip;<\/p>\n","protected":false},"featured_media":8918,"template":"","meta":[],"_links":{"self":[{"href":"https:\/\/northinkbrand.com\/index.php\/wp-json\/wp\/v2\/product\/8889"}],"collection":[{"href":"https:\/\/northinkbrand.com\/index.php\/wp-json\/wp\/v2\/product"}],"about":[{"href":"https:\/\/northinkbrand.com\/index.php\/wp-json\/wp\/v2\/types\/product"}],"version-history":[{"count":1,"href":"https:\/\/northinkbrand.com\/index.php\/wp-json\/wp\/v2\/product\/8889\/revisions"}],"predecessor-version":[{"id":8934,"href":"https:\/\/northinkbrand.com\/index.php\/wp-json\/wp\/v2\/product\/8889\/revisions\/8934"}],"wp:featuredmedia":[{"embeddable":true,"href":"https:\/\/northinkbrand.com\/index.php\/wp-json\/wp\/v2\/media\/8918"}],"wp:attachment":[{"href":"https:\/\/northinkbrand.com\/index.php\/wp-json\/wp\/v2\/media?parent=8889"}],"curies":[{"name":"wp","href":"https:\/\/api.w.org\/{rel}","templated":true}]}}