{"id":8831,"date":"2024-07-23T00:05:43","date_gmt":"2024-07-23T00:05:43","guid":{"rendered":"https:\/\/northinkbrand.com\/?post_type=product&#038;p=8831"},"modified":"2025-01-07T11:01:02","modified_gmt":"2025-01-07T11:01:02","slug":"ego-tee","status":"publish","type":"product","link":"https:\/\/northinkbrand.com\/index.php\/producto\/ego-tee\/","title":{"rendered":"Ego Tee"},"content":{"rendered":"<p><em>Si mi EGO nos mata, que rabien de envidia.<\/em><\/p>\n<p>Orgullosos del camino recorrido, con ganas de volar mas alto a vuestro lado.<\/p>\n<p>Edici\u00f3n limitada: bordado en rosa sobre fondo negro.<\/p>\n<ul>\n<li>Camiseta cuello redondo.<\/li>\n<li>Corte de camiseta ancho.<\/li>\n<li>Logo bordado frontal centrado.<\/li>\n<\/ul>\n<p>Fabricado y dise\u00f1ado en Espa\u00f1a en comercio emprendedor tradicional<\/p>\n<p><strong>Composici\u00f3n:<\/strong> 100% Algod\u00f3n Cardado Y Ba\u00f1o Enzim\u00e1tico<\/p>\n<p><strong>Gramaje:<\/strong> 190 g\/m\u00b2<\/p>\n","protected":false},"excerpt":{"rendered":"<p>Si mi EGO nos mata, que rabien de envidia. Orgullosos del camino recorrido, con ganas de volar mas alto a&hellip;<\/p>\n","protected":false},"featured_media":9064,"template":"","meta":[],"_links":{"self":[{"href":"https:\/\/northinkbrand.com\/index.php\/wp-json\/wp\/v2\/product\/8831"}],"collection":[{"href":"https:\/\/northinkbrand.com\/index.php\/wp-json\/wp\/v2\/product"}],"about":[{"href":"https:\/\/northinkbrand.com\/index.php\/wp-json\/wp\/v2\/types\/product"}],"version-history":[{"count":2,"href":"https:\/\/northinkbrand.com\/index.php\/wp-json\/wp\/v2\/product\/8831\/revisions"}],"predecessor-version":[{"id":8888,"href":"https:\/\/northinkbrand.com\/index.php\/wp-json\/wp\/v2\/product\/8831\/revisions\/8888"}],"wp:featuredmedia":[{"embeddable":true,"href":"https:\/\/northinkbrand.com\/index.php\/wp-json\/wp\/v2\/media\/9064"}],"wp:attachment":[{"href":"https:\/\/northinkbrand.com\/index.php\/wp-json\/wp\/v2\/media?parent=8831"}],"curies":[{"name":"wp","href":"https:\/\/api.w.org\/{rel}","templated":true}]}}