{"id":8650,"date":"2024-07-22T23:13:00","date_gmt":"2024-07-22T23:13:00","guid":{"rendered":"https:\/\/northinkbrand.com\/?post_type=product&#038;p=8650"},"modified":"2024-07-22T23:13:00","modified_gmt":"2024-07-22T23:13:00","slug":"rookie-tee","status":"publish","type":"product","link":"https:\/\/northinkbrand.com\/index.php\/producto\/rookie-tee\/","title":{"rendered":"Rookie Tee"},"content":{"rendered":"<p>La camiseta m\u00e1s vendida de verano 2024. Estilo de corte ancho. \u201cAunque vaya de Rookie\u201d Parar\u00eda un rayo por ti. Logo frontal minimalista by North Ink Couture. Logo trasero con coraz\u00f3n estilo \u00abCartoon\u00bb. Dise\u00f1o de logos en impresi\u00f3n DTF de alta calidad y corte.<\/p>\n<p>Dise\u00f1o Unisex.<\/p>\n<p>Todas nuestras colecciones se fabrican a nivel nacional, apostando por las empresas tradicionales.<\/p>\n<ul>\n<li><strong>Composici\u00f3n<\/strong>: 100% Algod\u00f3n Cardado Y Ba\u00f1o Enzim\u00e1tico, Punto Liso<\/li>\n<li><strong>Gramaje<\/strong>: 190 g\/m\u00b2<\/li>\n<\/ul>\n","protected":false},"excerpt":{"rendered":"<p>La camiseta m\u00e1s vendida de verano 2024. Estilo de corte ancho. \u201cAunque vaya de Rookie\u201d Parar\u00eda un rayo por ti.&hellip;<\/p>\n","protected":false},"featured_media":8658,"template":"","meta":[],"_links":{"self":[{"href":"https:\/\/northinkbrand.com\/index.php\/wp-json\/wp\/v2\/product\/8650"}],"collection":[{"href":"https:\/\/northinkbrand.com\/index.php\/wp-json\/wp\/v2\/product"}],"about":[{"href":"https:\/\/northinkbrand.com\/index.php\/wp-json\/wp\/v2\/types\/product"}],"version-history":[{"count":1,"href":"https:\/\/northinkbrand.com\/index.php\/wp-json\/wp\/v2\/product\/8650\/revisions"}],"predecessor-version":[{"id":8679,"href":"https:\/\/northinkbrand.com\/index.php\/wp-json\/wp\/v2\/product\/8650\/revisions\/8679"}],"wp:featuredmedia":[{"embeddable":true,"href":"https:\/\/northinkbrand.com\/index.php\/wp-json\/wp\/v2\/media\/8658"}],"wp:attachment":[{"href":"https:\/\/northinkbrand.com\/index.php\/wp-json\/wp\/v2\/media?parent=8650"}],"curies":[{"name":"wp","href":"https:\/\/api.w.org\/{rel}","templated":true}]}}