{"id":8299,"date":"2024-02-24T00:19:01","date_gmt":"2024-02-24T00:19:01","guid":{"rendered":"https:\/\/northinkbrand.com\/?post_type=product&#038;p=8299"},"modified":"2024-02-24T00:19:01","modified_gmt":"2024-02-24T00:19:01","slug":"loved","status":"publish","type":"product","link":"https:\/\/northinkbrand.com\/index.php\/producto\/loved\/","title":{"rendered":"LOVED"},"content":{"rendered":"<p>Love will never leave us alone. Un tributo a todos los que nos apoyais y nos regala\u00eds vuestro cari\u00f1o desde nuestros inicios. Marca la diferencia con las marcas emprendedoras.<\/p>\n<ul>\n<li>Sudadera con capucha.<\/li>\n<li>Bolsillo canguro.<\/li>\n<li>Corte de sudadera ancho.<\/li>\n<li>Logos en DTF.<\/li>\n<li>Gramaje: 265 &#8211; 275 gr. aprox.<\/li>\n<li>80% Algod\u00f3n \/ 20% Poli\u00e9ster.<\/li>\n<\/ul>\n<p>El dise\u00f1o frontal, el tama\u00f1o real es el de las fotos de los modelos. Gran coraz\u00f3n, enorme pasi\u00f3n.<\/p>\n<p>Todos nuestros producctos son fabricados y dise\u00f1ados en Espa\u00f1a en peque\u00f1as empresas familiares. Se crean las prendas una a una haciendo cada pieza \u00fanica.<\/p>\n<p>&nbsp;<\/p>\n","protected":false},"excerpt":{"rendered":"<p>Love will never leave us alone. Un tributo a todos los que nos apoyais y nos regala\u00eds vuestro cari\u00f1o desde&hellip;<\/p>\n","protected":false},"featured_media":8294,"template":"","meta":[],"_links":{"self":[{"href":"https:\/\/northinkbrand.com\/index.php\/wp-json\/wp\/v2\/product\/8299"}],"collection":[{"href":"https:\/\/northinkbrand.com\/index.php\/wp-json\/wp\/v2\/product"}],"about":[{"href":"https:\/\/northinkbrand.com\/index.php\/wp-json\/wp\/v2\/types\/product"}],"version-history":[{"count":1,"href":"https:\/\/northinkbrand.com\/index.php\/wp-json\/wp\/v2\/product\/8299\/revisions"}],"predecessor-version":[{"id":8321,"href":"https:\/\/northinkbrand.com\/index.php\/wp-json\/wp\/v2\/product\/8299\/revisions\/8321"}],"wp:featuredmedia":[{"embeddable":true,"href":"https:\/\/northinkbrand.com\/index.php\/wp-json\/wp\/v2\/media\/8294"}],"wp:attachment":[{"href":"https:\/\/northinkbrand.com\/index.php\/wp-json\/wp\/v2\/media?parent=8299"}],"curies":[{"name":"wp","href":"https:\/\/api.w.org\/{rel}","templated":true}]}}