{"id":7819,"date":"2023-08-24T18:12:11","date_gmt":"2023-08-24T18:12:11","guid":{"rendered":"https:\/\/northinkbrand.com\/?post_type=product&#038;p=7819"},"modified":"2023-09-28T18:10:32","modified_gmt":"2023-09-28T18:10:32","slug":"dont-cry-tee","status":"publish","type":"product","link":"https:\/\/northinkbrand.com\/index.php\/producto\/dont-cry-tee\/","title":{"rendered":"Don\u2019t Cry Tee"},"content":{"rendered":"<p>Camiseta de corte ancho. \u201cDon\u2019t cry for me\u201d I will be ok baby. Combinaci\u00f3n de dise\u00f1o de nuestro logo minimalista en la zona frontal junto con el dise\u00f1o de nuestra artista @faceitout en la zona trasera. Dise\u00f1o de logos en impresi\u00f3n DTF de alta calidad y corte.<\/p>\n<p>Destacamos los dos \u201cNuevos Contrastes\u201d en la colecci\u00f3n: Chocolate con logos en rosa y Azul Claro con logos en chocolate. Brutales.<\/p>\n<p>Dise\u00f1o Unisex.<\/p>\n<p>Todas nuestras colecciones se fabrican a nivel nacional, apostando por las empresas tradicionales.<\/p>\n<ul>\n<li><strong>Composici\u00f3n<\/strong>: 100% Algod\u00f3n Cardado Y Ba\u00f1o Enzim\u00e1tico, Punto Liso<\/li>\n<li><strong>Gramaje<\/strong>: 190 g\/m\u00b2<\/li>\n<\/ul>\n<p>&nbsp;<\/p>\n","protected":false},"excerpt":{"rendered":"<p>Camiseta de corte ancho. \u201cDon\u2019t cry for me\u201d I will be ok baby. Combinaci\u00f3n de dise\u00f1o de nuestro logo minimalista&hellip;<\/p>\n","protected":false},"featured_media":8080,"template":"","meta":[],"_links":{"self":[{"href":"https:\/\/northinkbrand.com\/index.php\/wp-json\/wp\/v2\/product\/7819"}],"collection":[{"href":"https:\/\/northinkbrand.com\/index.php\/wp-json\/wp\/v2\/product"}],"about":[{"href":"https:\/\/northinkbrand.com\/index.php\/wp-json\/wp\/v2\/types\/product"}],"version-history":[{"count":1,"href":"https:\/\/northinkbrand.com\/index.php\/wp-json\/wp\/v2\/product\/7819\/revisions"}],"predecessor-version":[{"id":7880,"href":"https:\/\/northinkbrand.com\/index.php\/wp-json\/wp\/v2\/product\/7819\/revisions\/7880"}],"wp:featuredmedia":[{"embeddable":true,"href":"https:\/\/northinkbrand.com\/index.php\/wp-json\/wp\/v2\/media\/8080"}],"wp:attachment":[{"href":"https:\/\/northinkbrand.com\/index.php\/wp-json\/wp\/v2\/media?parent=7819"}],"curies":[{"name":"wp","href":"https:\/\/api.w.org\/{rel}","templated":true}]}}