{"id":5778,"date":"2021-12-22T01:14:33","date_gmt":"2021-12-22T01:14:33","guid":{"rendered":"http:\/\/northinkbrand.com\/?post_type=product&#038;p=5778"},"modified":"2023-08-23T17:54:44","modified_gmt":"2023-08-23T17:54:44","slug":"wings","status":"publish","type":"product","link":"https:\/\/northinkbrand.com\/index.php\/producto\/wings\/","title":{"rendered":"Wings"},"content":{"rendered":"<p>Hoodies Color Pastel con nuestro logo bordado \u201cWINGS\u201d (alas y rosa de northink) en la zona central del pecho.<\/p>\n<p>Nueva gama de colores PASTEL ( rosa, menta, beige, azul ) para dar color y alas a la inspiraci\u00f3n que nos lleva a seguir trabajando d\u00eda a d\u00eda.<\/p>\n","protected":false},"excerpt":{"rendered":"<p>Hoodies Color Pastel con nuestro logo bordado \u201cWINGS\u201d (alas y rosa de northink) en la zona central del pecho. Nueva&hellip;<\/p>\n","protected":false},"featured_media":5795,"template":"","meta":[],"_links":{"self":[{"href":"https:\/\/northinkbrand.com\/index.php\/wp-json\/wp\/v2\/product\/5778"}],"collection":[{"href":"https:\/\/northinkbrand.com\/index.php\/wp-json\/wp\/v2\/product"}],"about":[{"href":"https:\/\/northinkbrand.com\/index.php\/wp-json\/wp\/v2\/types\/product"}],"version-history":[{"count":1,"href":"https:\/\/northinkbrand.com\/index.php\/wp-json\/wp\/v2\/product\/5778\/revisions"}],"predecessor-version":[{"id":5803,"href":"https:\/\/northinkbrand.com\/index.php\/wp-json\/wp\/v2\/product\/5778\/revisions\/5803"}],"wp:featuredmedia":[{"embeddable":true,"href":"https:\/\/northinkbrand.com\/index.php\/wp-json\/wp\/v2\/media\/5795"}],"wp:attachment":[{"href":"https:\/\/northinkbrand.com\/index.php\/wp-json\/wp\/v2\/media?parent=5778"}],"curies":[{"name":"wp","href":"https:\/\/api.w.org\/{rel}","templated":true}]}}