{"id":825,"date":"2019-01-20T20:57:10","date_gmt":"2019-01-20T20:57:10","guid":{"rendered":"http:\/\/northinkbrand.com\/?page_id=825"},"modified":"2022-01-27T16:20:04","modified_gmt":"2022-01-27T16:20:04","slug":"politica-de-privacidad","status":"publish","type":"page","link":"https:\/\/northinkbrand.com\/index.php\/politica-de-privacidad\/","title":{"rendered":"Pol\u00edtica de privacidad"},"content":{"rendered":"<header class=\"post-header\"><\/header>\n<div class=\"post-content\">\n<div id=\"elementor\" class=\"elementor elementor-213 elementor-edit-mode elementor-edit-area-active\" data-elementor-type=\"post\" data-elementor-id=\"213\">\n<div class=\"elementor-inner\">\n<div class=\"elementor-section-wrap ui-sortable\">\n<section class=\"elementor-element elementor-element-edit-mode elementor-element-4826cf7 elementor-section elementor-top-section elementor-section-stretched elementor-section-boxed elementor-section-height-default\" data-id=\"4826cf7\" data-element_type=\"section\" data-model-cid=\"c27\">\n<div class=\"elementor-container elementor-column-gap-default\">\n<div class=\"elementor-row ui-sortable\">\n<div class=\"elementor-element elementor-element-edit-mode elementor-element-6f0247d elementor-element--toggle-edit-tools elementor-column elementor-top-column ui-resizable\" data-id=\"6f0247d\" data-element_type=\"column\" data-col=\"100\" data-model-cid=\"c28\">\n<div class=\"elementor-column-wrap elementor-element-populated\">\n<div class=\"elementor-widget-wrap ui-sortable\">\n<div class=\"elementor-element elementor-element-edit-mode elementor-element-4377a14 elementor-element--toggle-edit-tools elementor-widget elementor-widget-text-editor\" data-id=\"4377a14\" data-element_type=\"text-editor.default\" data-model-cid=\"c29\">\n<div class=\"elementor-widget-container\">\n<div class=\"elementor-text-editor elementor-clearfix elementor-inline-editing\" data-elementor-setting-key=\"editor\" data-elementor-inline-editing-toolbar=\"advanced\">\n<header class=\"post-header\"><\/header>\n<div class=\"post-content\">\n<div id=\"elementor\" class=\"elementor elementor-213 elementor-edit-mode elementor-edit-area-active\" data-elementor-type=\"post\" data-elementor-id=\"213\">\n<div class=\"elementor-inner\">\n<div class=\"elementor-section-wrap ui-sortable\">\n<section class=\"elementor-element elementor-element-edit-mode elementor-element-4826cf7 elementor-section elementor-top-section elementor-section-stretched elementor-section-boxed elementor-section-height-default\" data-id=\"4826cf7\" data-element_type=\"section\" data-model-cid=\"c27\">\n<div class=\"elementor-container elementor-column-gap-default\">\n<div class=\"elementor-row ui-sortable\">\n<div class=\"elementor-element elementor-element-edit-mode elementor-element-6f0247d elementor-element--toggle-edit-tools elementor-column elementor-top-column ui-resizable\" data-id=\"6f0247d\" data-element_type=\"column\" data-col=\"100\" data-model-cid=\"c28\">\n<div class=\"elementor-column-wrap elementor-element-populated\">\n<div class=\"elementor-widget-wrap ui-sortable\">\n<div class=\"elementor-element elementor-element-edit-mode elementor-element-4377a14 elementor-element--toggle-edit-tools elementor-widget elementor-widget-text-editor\" data-id=\"4377a14\" data-element_type=\"text-editor.default\" data-model-cid=\"c29\">\n<div class=\"elementor-element-overlay\">POLITICA DE PRIVACIDAD<\/div>\n<div class=\"elementor-widget-container\">\n<div class=\"elementor-text-editor elementor-clearfix elementor-inline-editing\" data-elementor-setting-key=\"editor\" data-elementor-inline-editing-toolbar=\"advanced\">\n<p>NORTH INK informa a los usuarios del sitio web sobre su pol\u00edtica respecto del tratamiento y protecci\u00f3n de los datos de car\u00e1cter personal de los usuarios y clientes que puedan ser recabados por la navegaci\u00f3n o contrataci\u00f3n de servicios a trav\u00e9s de su sitio web. En este sentido, NORTH INK garantiza el cumplimiento de la normativa vigente en materia de protecci\u00f3n de datos personales, reflejada en la Ley Org\u00e1nica 15\/1999 de 13 de diciembre, de Protecci\u00f3n de Datos de Car\u00e1cter Personal y en el Real Decreto 1720\/2007, de 21 diciembre, por el que se aprueba el Reglamento de Desarrollo de la LOPD. El uso de esta web implica la aceptaci\u00f3n de esta pol\u00edtica de privacidad.<\/p>\n<p>RECOGIDA, FINALIDAD Y TRATAMIENTO DE DATOS<\/p>\n<p>NORTH INK tiene el deber de informar a los usuarios de su sitio web acerca de la recogida de datos de car\u00e1cter personal que pueden llevarse a cabo, bien sea mediante el env\u00edo de correo electr\u00f3nico o al cumplimentar los formularios incluidos en el sitio web. En este sentido, NORTH INK ser\u00e1 considerada como responsable de los datos recabados mediante los medios anteriormente descritos. A su vez NORTH INK informa a los usuarios de que la finalidad del tratamiento de los datos recabados contempla: La atenci\u00f3n de solicitudes realizadas por los usuarios, la inclusi\u00f3n en la agenda de contactos, la prestaci\u00f3n de servicios, la gesti\u00f3n de la relaci\u00f3n comercial y otras finalidades. Las operaciones, gestiones y procedimientos t\u00e9cnicos que se realicen de forma automatizada o no automatizada y que posibiliten la recogida, el almacenamiento, la modificaci\u00f3n, la transferencia y otras acciones sobre datos de car\u00e1cter personal, tienen la consideraci\u00f3n de tratamiento de datos personales.<\/p>\n<p>COMUNICACION DE INFORMACION A TERCEROS<\/p>\n<p>NORTH INK no tiene previsto revelar tus datos personales, salvo en los casos en los que una Ley nos obligue (administraciones p\u00fablicas, autoridades administrativas o judiciales, etc.) o, evidentemente, en caso de env\u00edo de los productos adquiridos (a empresas de mensajer\u00eda, log\u00edstica o transporte). En cualquier otro caso, ser\u00e1s puntualmente informado de la identidad del cesionario de tus datos, as\u00ed como de la finalidad de su tratamiento, con objeto de obtener tu consentimiento libre, inequ\u00edvoco, espec\u00edfico e informado sobre dicha cesi\u00f3n.<\/p>\n<\/div>\n<\/div>\n<\/div>\n<\/div>\n<\/div>\n<\/div>\n<\/div>\n<\/div>\n<\/section>\n<\/div>\n<\/div>\n<\/div>\n<\/div>\n<\/div>\n<\/div>\n<\/div>\n<\/div>\n<\/div>\n<\/div>\n<\/div>\n<\/div>\n<\/section>\n<\/div>\n<\/div>\n<\/div>\n<\/div>\n","protected":false},"excerpt":{"rendered":"<p>POLITICA DE PRIVACIDAD NORTH INK informa a los usuarios del sitio web sobre su pol\u00edtica respecto del tratamiento y protecci\u00f3n&hellip;<\/p>\n","protected":false},"author":1,"featured_media":0,"parent":0,"menu_order":0,"comment_status":"closed","ping_status":"closed","template":"elementor_header_footer","meta":[],"_links":{"self":[{"href":"https:\/\/northinkbrand.com\/index.php\/wp-json\/wp\/v2\/pages\/825"}],"collection":[{"href":"https:\/\/northinkbrand.com\/index.php\/wp-json\/wp\/v2\/pages"}],"about":[{"href":"https:\/\/northinkbrand.com\/index.php\/wp-json\/wp\/v2\/types\/page"}],"author":[{"embeddable":true,"href":"https:\/\/northinkbrand.com\/index.php\/wp-json\/wp\/v2\/users\/1"}],"replies":[{"embeddable":true,"href":"https:\/\/northinkbrand.com\/index.php\/wp-json\/wp\/v2\/comments?post=825"}],"version-history":[{"count":1,"href":"https:\/\/northinkbrand.com\/index.php\/wp-json\/wp\/v2\/pages\/825\/revisions"}],"predecessor-version":[{"id":826,"href":"https:\/\/northinkbrand.com\/index.php\/wp-json\/wp\/v2\/pages\/825\/revisions\/826"}],"wp:attachment":[{"href":"https:\/\/northinkbrand.com\/index.php\/wp-json\/wp\/v2\/media?parent=825"}],"curies":[{"name":"wp","href":"https:\/\/api.w.org\/{rel}","templated":true}]}}